. What is the remainder when u(1) is divided by 62?
39
Calculate the remainder when 56771/26 + ((-95)/(-114) - (-1)/(-3)) is divided by 199.
194
Suppose 169080 - 75602 + 202541 = 93*t. Calculate the remainder when t is divided by 59.
56
Suppose -4*q - 629 + 649 = 2*u, -4*u = 2*q - 46. Let o = -23 - -88. What is the remainder when o is divided by u?
5
Suppose -476 + 2409 = 3*t + 4*a, -2*a + 8 = 0. Suppose -791 = -5*n + t. What is the remainder when n is divided by 32?
30
Suppose 5*j - 3*p + 6 = 142, -5*p - 127 = -4*j. What is the remainder when 1747 is divided by j?
22
Let j = 809 + -646. Suppose 164 = j*i - 159*i. Calculate the remainder when i is divided by (-3)/(-2)*6/1.
5
Let a(b) be the second derivative of b**4/12 + 55*b**3/6 + 57*b**2/2 - 26*b. Calculate the remainder when a(-56) is divided by 29.
26
Suppose 4*h + 3*m = 74, 0*m - 81 = -5*h + 2*m. Let r = 197 - 65. Calculate the remainder when r is divided by h.
13
Suppose 0 = -18*u + 16*u + 16. What is the remainder when 10325/100 + 6/u is divided by 27?
23
Suppose -4*q = -2*p - 3*p + 81, -2*q = 5*p - 87. Let m(w) = w**2 + 16*w - 16. Let i be m(-11). Let h = 102 + i. Calculate the remainder when h is divided by p.
14
Suppose 110*l = 127*l - 3247. Calculate the remainder when 942 is divided by l.
178
Let l(q) = -53*q + 400. Calculate the remainder when l(3) is divided by 35.
31
Let a(w) = -w**3 - 7*w**2 + w + 7. Let c be a(-7). Suppose c = 142*r - 148*r + 432. What is the remainder when 137 is divided by r?
65
Let y(a) = -a**3 - 28*a**2 - 5*a + 24. Let f be y(-28). Suppose f = 10*v + 54. What is the remainder when 43 is divided by v?
10
What is the remainder when 200 is divided by 66/44*7/3*4?
4
Let k = -11892 - -11907. Let p = -95 + 228. What is the remainder when p is divided by k?
13
Suppose 2*x - 3*x + 5 = -j, 0 = 3*j - x + 17. What is the remainder when 119 is divided by -1 + 3 - (j + -16)?
23
Let d = -101 + 103. Suppose 17 = -d*o + 207. What is the remainder when o is divided by 24?
23
What is the remainder when ((-1)/(-3))/((304/(-4464))/(-19)) is divided by 36?
21
Let p(c) = c**2 - 9*c - 18. Let i be (-8)/40 - (-89)/(-5). Let h be ((-202)/i)/1 - 16/72. Calculate the remainder when 15 is divided by p(h).
3
Let o = -13648 + 16411. What is the remainder when o is divided by 44?
35
Let h = -1058 + 1239. What is the remainder when 309 is divided by h?
128
Let r be ((-4)/(-2))/(0 - (-4)/186). Suppose 8*h = 171 + r. Calculate the remainder when 1 - 63/49 - 1374/(-7) is divided by h.
31
Suppose 363 - 312 = 3*s - 2*r, 3*s - 3*r = 54. What is the remainder when 3206/12 + (-6)/36 is divided by s?
12
Let d = -10287 + 14536. What is the remainder when d is divided by 109?
107
Let q be (-6)/(-18) + (-4340)/(-3). Suppose 367 = -8*j + q. Suppose 0*n + j = 5*n. What is the remainder when 78 is divided by n?
24
Let i = -95 - -95. Suppose 4*a + 0*a + 12 = i. What is the remainder when 0 - -80 - (a + 8) is divided by 6?
3
Let z(b) = -b**3 - 7*b**2 - 8*b - 7. Suppose 0 = 11*g - 13*g - 12. Let h be z(g). Suppose 46*k - 45*k = h. What is the remainder when 6 is divided by k?
1
Calculate the remainder when 601 + (1*-4 - 15/75*-10) is divided by 57.
29
Suppose -8 = -4*k + 4. Calculate the remainder when 144 is divided by (17 + k)*((-10)/(-4) - 1).
24
Let b(a) = 6*a + 122. Suppose -3*u + 79 = 2*h - 7*h, -2*u - 5*h = -11. What is the remainder when b(0) is divided by u?
14
Let c(m) = -2*m**3 - 49*m**2 - 27*m - 10. Let y = 169 + -193. Calculate the remainder when 246 is divided by c(y).
60
Let y = -15 + 36. Suppose y = 5*g + 2*g. Suppose -5*i + q + 316 = 0, q - 2 = g*q. Calculate the remainder when i is divided by 11.
8
Let l(c) = 3*c**2 + 187*c - 102. What is the remainder when 6502 is divided by l(-63)?
22
Suppose 0 = 5*l - 2 + 72. Let b(q) = 10*q - 66*q + 57*q + 42. What is the remainder when b(l) is divided by 5?
3
Let m(s) = 8*s + 75. Calculate the remainder when m(-8) is divided by 4/(-22) + (-70)/(-22).
2
Let y(j) = -10*j + 5*j**2 + j**2 + 4 + 11*j + j**3. Suppose -625*k + 666*k = 2501. What is the remainder when k is divided by y(-4)?
29
Suppose -2*h - 2*h = -2010 - 1510. Calculate the remainder when h is divided by 210.
40
Let p = -3116 - -4221. What is the remainder when p is divided by 56?
41
Let z be 1*(7 - (4 + 0)). Suppose 2*g = -33 - z. Let q = g + 113. Calculate the remainder when q is divided by 33.
29
Suppose 2*a = 4*a. Let i = 9 - a. Suppose -22*p - 250 = -32*p. Calculate the remainder when p is divided by i.
7
Suppose 2*b = -q + 83, 3*b = 19 - 4. What is the remainder when 426 is divided by q?
61
Let t = -4059 - -6715. What is the remainder when t is divided by 14?
10
Suppose -2*s = 241 + 1947. Let o = -737 - s. Calculate the remainder when o is divided by 40.
37
Let f = -31 + 7. Let r = f + 36. Calculate the remainder when (r/18)/(2/3) is divided by 1.
0
What is the remainder when (21/(-4))/(((-333)/(-84))/(-37)) is divided by 5?
4
Suppose -6*t + 46 = 17*t. Calculate the remainder when 127 is divided by (20 - -4) + t + (2 - 2).
23
Suppose 0 = 6*k - k - 1285. Suppose -33*f = -27*f + 240. Let b(t) = -t**3 - 39*t**2 + 39*t + 12. What is the remainder when k is divided by b(f)?
49
Suppose 5*j - 5 - 3 = b, 0 = j - 5. Suppose -g - 7 = 2*f, -f + 7 = -3*g - 0. What is the remainder when ((-9)/(-6))/3*(g + b) is divided by 3?
1
Let u = 49 + 5. Let d = u + -4. Suppose -50*h - 25 = -45*h, -3*h - 306 = -3*t. What is the remainder when t is divided by d?
47
Let o(v) = 7*v**2 + 34*v + 11. Calculate the remainder when 925 is divided by o(-7).
113
Suppose 64*c - 11115 = -107*c. What is the remainder when 378 is divided by c?
53
Suppose 0 = 3*c - 2*m - 3079 + 612, 4*m - 827 = -c. What is the remainder when c is divided by 46?
41
Suppose 4 = 4*v - 16, -3*v - 173 = -4*b. Suppose -2*d + 38 = -82. Suppose 0 = 25*s - 31*s + d. Calculate the remainder when b is divided by s.
7
Let a = 125 - 284. Let q = a + 254. What is the remainder when q is divided by 25?
20
Suppose 0 = 163*f - 2221 - 550. Let r(j) = j**2 + j - 6. Calculate the remainder when f is divided by r(-5).
3
Suppose 0 = -0*r + 7*r - 91. Suppose 7*w + r = 41. Suppose w*z = 2 + 6. Calculate the remainder when z is divided by 1.
0
Calculate the remainder when 4/(-48)*-15 - (-4355)/52 is divided by 7.
1
Suppose -16657 = -56*i - 60*i + 14431. What is the remainder when 4555 is divided by i?
267
Suppose -2*m + 289 + 3 = 0. Suppose -21*h + 187 - 358 = 270. Let q = h + m. What is the remainder when q is divided by 32?
29
Let i(k) = 9*k**3 - 3*k**2 + 62*k - 15. What is the remainder when i(7) is divided by 1112?
23
Let d be 333/(-15) - 1/(-5). Calculate the remainder when 36 is divided by 6/(-33) - 1*290/d.
10
What is the remainder when (-54)/12 + 4 + 7/((-42)/(-6759)) is divided by 375?
1
Suppose z + 0 = k + 22, -4*k = z - 7. What is the remainder when 137 is divided by z?
4
Suppose -5*u + 7*u = -2*z - 140, 4*z - 4*u = -248. Let j = 81 + z. Calculate the remainder when 59 is divided by j.
14
Calculate the remainder when 71 is divided by (3042/(-90) + 32)*110/(-6).
5
Let a(n) = -n**2 + n - 1. Let l(k) = -k**3 + 13*k**2 + 15*k - 5. Let q(z) = -4*a(z) - l(z). Let f = 33 - 11. Calculate the remainder when q(11) is divided by f.
20
Let q = 108 + -48. Let v(u) = -3*u + 69. Let a be v(19). Let k = q - a. What is the remainder when 142 is divided by k?
46
Let x = -121 - -117. Calculate the remainder when x/(-6) + 63296/96 is divided by 39.
36
Suppose -50 = 7*u - 12*u. Suppose -2*n - u*f + 28 = -5*f, 0 = -3*f + 6. What is the remainder when 17 is divided by n?
8
Let s(p) = -p**3 - 14*p**2 + 12*p + 8. Let w be s(-15). Suppose -o = -w + 29. Suppose 12*f - o = 4*f. Calculate the remainder when 25 is divided by f.
1
Let w = -44 - -48. Suppose 32 = -0*k + w*k. Suppose 9*v - k*v - 46 = 0. Calculate the remainder when v is divided by 25.
21
Suppose -149*g + 16987 = -18624. Calculate the remainder when g is divided by 17.
1
Let j(p) = -105*p - 11204. Let u = 26 + -8. Calculate the remainder when j(-107) is divided by u.
13
Calculate the remainder when 517 is divided by ((-10)/(-4))/((-21)/(-1428)).
7
Suppose 4*m = -3*m + 91. Let c = m + 12. Suppose -c = -a + 5*j, 22 = 2*a + 6*j - 2*j. What is the remainder when 40 is divided by a?
10
Let c be (9/(-3))/((-3)/2). Suppos